2 - 458)). Let c = x + f. What is the hundreds digit of c?
1
Suppose 2*j + 3*n + 1 - 17 = 0, 2*n = -3*j + 19. Let a(x) be the third derivative of x**5/15 - x**4/24 - 5*x**3/3 + x**2. What is the tens digit of a(j)?
8
What is the tens digit of 11*149198/616 - 3/(-1 - -13)?
6
Let y = 952 + 277. What is the tens digit of y?
2
Suppose 3*i = 2*n + 10 + 7, -2*i - 10 = 4*n. Suppose 5*g = g - 5*q + 455, -5*g - i*q = -585. Suppose 0*l = 2*l - g. What is the tens digit of l?
6
Let w be (9 + -45)*(-12)/8. Let v = 119 + -74. Let x = w + v. What is the tens digit of x?
9
What is the thousands digit of ((-1)/21)/((-52)/(-182)) + 28045/6?
4
Suppose -62*d + 65*d + 4*o - 26895 = 0, -d = 5*o - 8976. What is the hundreds digit of d?
9
Suppose 8 = -i + 16. Suppose 3*z + z = -8, -2*c + 3*z = -i. What is the units digit of (2 - c) + (-392)/(-8)?
0
Let n(b) be the first derivative of -7*b**4/2 - 2*b**3 + 2*b**2 + 5*b + 4. What is the hundreds digit of n(-3)?
3
Suppose 50*w = 62*w - 115644. What is the hundreds digit of w?
6
Suppose -15 + 27 = 3*v. Let f(t) = -92*t + v*t**2 + 91*t - 2 - 3*t**2. What is the tens digit of f(-5)?
2
Let n be ((-2640)/(-25) - 0)/(2/10). Let y = n - 213. What is the tens digit of y?
1
Let b be (4/(-2))/(10/(23 + -3)). What is the units digit of ((-659)/b)/(-4*(-4)/64)?
9
Let a be ((-5 + -1)*-29)/(35 + -33). Let l = a + -70. Suppose 540 = -11*z + l*z. What is the tens digit of z?
9
What is the tens digit of (-23453)/(-188) + ((-6)/8)/(-3)?
2
What is the thousands digit of (-12 - (-1218)/98) + 1507513/49?
0
Let g(v) = 82*v**3 + v**2 + v + 1. Let p be g(-1). Let m = 178 + p. What is the tens digit of (m/(-3))/(11/(-33))?
9
Let d = 1648 - -24040. What is the ten thousands digit of d?
2
Let i = -14 - -18. Let v(f) = -3*f - 8. Let k(o) = 2*o + 9. Let d(l) = -2*k(l) - 3*v(l). What is the tens digit of d(i)?
2
Let s be ((-388)/6)/(2/(-9)*3). Suppose 100*a = s*a + 2877. What is the tens digit of a?
5
Suppose -3*p - 33515 = -2*i, 0 = 5*i - 5*p + 3*p - 83815. What is the ten thousands digit of i?
1
Let a(j) = -8*j + 52. Let m(d) = -18*d + 103. Let y(g) = -11*a(g) + 6*m(g). Let v be y(-17). Suppose 2*l = v - 4. What is the units digit of l?
1
Let y(s) = 5*s + 40. Let r be y(-4). Let o(j) = -2*j**2 + 38*j + 74. What is the units digit of o(r)?
4
Let p(g) = 193*g**2 + 17*g + 76. What is the hundreds digit of p(-22)?
1
Suppose 0 = -3*h - 5*t + 289, 283 - 806 = -5*h + 2*t. Let x = 116 - h. Suppose x*v - 2014 = 677. What is the hundreds digit of v?
2
Let s be 2*(-143 - 64/8). Let o = s - -437. What is the hundreds digit of o?
1
Let x(b) = 262*b + 116. What is the tens digit of x(25)?
6
Suppose -4*t - 142 = -3*o + 225, 2*o - 276 = 3*t. Let l = t - -151. Suppose -72 = -l*c + 54*c. What is the units digit of c?
4
Suppose -a = g + 13, -4*g + 5*a + 28 = 35. What is the units digit of (-11941)/g - 99/(-264)?
3
Let z be -1*(-4)/3*42. Let p(k) = -14*k - 278. Let w be p(-21). Let s = z - w. What is the tens digit of s?
4
Suppose 13*f - 57108 = -2*m, 0 = m + 2*f - 19277 - 9286. What is the hundreds digit of m?
5
Let h(b) = -b**3 - 2*b**2 + 6*b + 224. Let a(t) = -t**2 + 14*t + 95. Let n be a(-5). What is the hundreds digit of h(n)?
2
Let f = 43529 - 20629. What is the ten thousands digit of f?
2
Let n = 785 + -493. Let v = n + -165. What is the units digit of 2 + 5/(-2) - v/(-2)?
3
Suppose r - 2*t = 12708, 5*r - 6715 - 56839 = 3*t. What is the hundreds digit of r?
7
Suppose -43*y + 3 = -42*y + 2*n, 0 = 2*y - 2*n. What is the units digit of y*6 + (-61938)/(-54)?
3
Suppose -13395 + 2325 = -9*u. Suppose -11*z = -16*z + u. What is the hundreds digit of z?
2
Let z be -2 - 5/(-15)*15. Suppose -z*v + 15 = 0, 5*w + 4*v + 0*v - 3190 = 0. What is the tens digit of w?
3
Let w(h) = 66*h**2 - 7*h - 18. Let f be w(-3). Let r = f - -1246. What is the thousands digit of r?
1
Suppose 322*y = 45*y + 4897637. What is the ten thousands digit of y?
1
Let y(i) = 12*i**2 - 74*i - 643. What is the tens digit of y(-9)?
9
Let m(d) be the third derivative of 0*d + 5/2*d**3 - 29/60*d**5 - 1/60*d**6 + 3/8*d**4 + 0 - 8*d**2. What is the hundreds digit of m(-15)?
1
Let h = 258 - -2254. What is the hundreds digit of h/3 - ((-14)/3 + 5)?
8
Let a(k) = 4 + 521*k - 2 + 7*k**2 - 262*k + 4*k**3 - 267*k. What is the hundreds digit of a(4)?
3
Let d(v) = -98*v + 518. Let q(n) = 2*n - 1. Let x(m) = d(m) + 35*q(m). What is the hundreds digit of x(0)?
4
Let m(r) = 6*r - 1. Let q(i) = -80*i - 40. Let p(l) = 12*m(l) + q(l). Let z = 6 + -14. What is the tens digit of p(z)?
1
Let n(l) = -2*l + 20. Let m be n(9). Suppose -4*v = 5*g - 9, -m*g = v - 3*g. What is the hundreds digit of (v - 137/(-1)) + -2 + -1?
1
Suppose 2*u - p + 70 = 3*p, 0 = -5*u + 2*p - 159. Let m = -59 - u. Let j = 9 - m. What is the units digit of j?
7
Suppose f - 29005 = -24*v + 23*v, 4*f - 3*v = 116069. What is the hundreds digit of f?
0
Let x = 632 - 633. What is the tens digit of (x + -841)*5/(-20)*2?
2
What is the thousands digit of 10/6 - 2 - 17/((-357)/70042)?
3
What is the units digit of -48*(1952/(-6) - (-2)/(-16)*56)?
2
Let o be 3 - (-659 - (-4)/(-2)). Suppose 3*h - h - o = 0. What is the tens digit of h?
3
Let p(g) = 1888*g**2 + 20*g + 39. What is the units digit of p(-3)?
1
Suppose 1287271 - 175180 = 61*d. What is the ten thousands digit of d?
1
Let s(b) = -16*b + 1764. What is the hundreds digit of s(-87)?
1
Let p(a) = -a**2 + 19*a. Let m be p(0). Suppose m = -4*d - 4*l + 3140, 796 + 2346 = 4*d + 5*l. What is the hundreds digit of d?
7
Let b(o) be the third derivative of -1/3*o**3 - 1/120*o**6 - 5/24*o**4 + 9*o**2 + 0 + 11/60*o**5 + 0*o. What is the tens digit of b(10)?
4
Let p be 1691/2 + 2 + 9/(-18). Let h = 1339 - p. What is the tens digit of h?
9
Suppose 0 = -3*r - 343 + 1567. Let f = r + -186. What is the units digit of f?
2
Let k(t) = 1314*t**2 + 183*t + 556. What is the hundreds digit of k(-3)?
8
Let m = 44746 - 20067. What is the ten thousands digit of m?
2
Suppose 10*m - 6*m - 4*y - 8 = 0, 5*m - 2*y = 10. Suppose f + 1198 = 3*z, 0*f - 800 = -2*z + m*f. What is the hundreds digit of z?
3
Suppose -3*y = 3*z - 58602, 5*y + 14*z = 18*z + 97625. What is the thousands digit of y?
9
Suppose 2*k - 4*l - 8 = 0, -4 = -4*k - 4*l + 6*l. Let a(f) = f**3 - f - 171. Let r be a(k). Let h = r + 363. What is the tens digit of h?
9
Suppose 5*v - 4*p = 593, -2*p + 7 = 2*v - 223. Let j = -113 + v. Suppose 0*r = j*r - 4. What is the units digit of r?
1
Suppose -192 - 61 = -11*h. Suppose -h*b + 22957 = 3108. What is the tens digit of b?
6
Let d be (-368)/(-10) + ((-3)/15)/(-1). Suppose d*f = 31*f + 216. What is the tens digit of f?
3
Let a be 32/(-18) - (-24)/(-108). Let k(q) = -193*q + 27. What is the units digit of k(a)?
3
Suppose -5*t - 3*w = -3150, -4*t + 7*w = 11*w - 2512. What is the units digit of t?
3
Let b be 352/792 + (-76)/9. What is the thousands digit of 59796/99*(42/b)/(-3)?
1
Let m be (-9 - -17) + 312 + 1*4. Suppose c + m = 4*k + 1129, -5*c + k + 4044 = 0. What is the tens digit of c?
0
Suppose 6 = -3*m - 4*r, 0 = 4*m - 0*m + 2*r - 2. Let i(u) be the third derivative of 2*u**5/5 + u**4/8 - u**2. What is the tens digit of i(m)?
0
Suppose 3*b = -4*b + 15495 + 18392. What is the hundreds digit of b?
8
Let b(o) = 48*o**2 - 3*o - 4. Let k = 192 - 194. What is the hundreds digit of b(k)?
1
Suppose 2*c + 4*a = 1783 + 4023, 8701 = 3*c + 2*a. What is the tens digit of c?
9
Let t(b) = b**3 - 2*b - 4. Suppose 0 = 2*u + 25 - 5. Let i be (-156)/(-38) - u/(-95). What is the tens digit of t(i)?
5
Let d(c) = -c**3 + 55*c**2 + 6*c - 1418. What is the ten thousands digit of d(39)?
2
Let b(r) be the third derivative of -r**4/6 - 23*r**3/6 - 29*r**2. Let d be b(-6). What is the tens digit of (15 - -59)*d/2?
3
Suppose -21*y + 503225 + 237130 = 0. What is the tens digit of y?
5
Let u = 22202 - 15441. What is the tens digit of u?
6
What is the thousands digit of 16 - (-63335)/(12 + -7)?
2
Suppose 0 = 5*f + 53 - 483. Let o = 339 - f. Suppose 2*u + 10*i = 7*i + o, 3*i + 140 = u. What is the tens digit of u?
3
What is the thousands digit of 6054 + 0 + (-50 - -35)?
6
Let p(d) = 3*d**3 - 269*d**2 + 105*d - 540. What is the hundreds digit of p(90)?
0
Suppose -4 = 4*g - 4*o, 0 = -g - 3*g + 2*o + 2. Suppose -5*l - g*l = -70. Suppose -5*d + 9 = -5*i - 66, d -